et d = 94 + g. What is the units digit of d?
0
What is the tens digit of (583976/104 - -7) + (-8)/156*3?
2
Suppose 0 = -83*d + 59*d + 296256. What is the thousands digit of d?
2
Let n(o) = -o**2 + 15*o - 50. Let t be n(10). Suppose -s = -5*p - t*s + 209, 2*p - 5*s - 79 = 0. What is the units digit of p?
2
Suppose 0 = 7*o - 98121 + 31936. What is the thousands digit of o?
9
Let l(a) = -a**3 + 6*a**2 + 3*a - 4. Let w be l(5). Suppose -41*q = -37*q - w. Suppose 298 = -7*k + q*k. What is the hundreds digit of k?
1
Let l be (-218)/11 + 76/(-418). What is the tens digit of 0 + 15/l + (-4851)/(-4)?
1
Let y = -2182 + 1232. Let f = y + 1631. What is the hundreds digit of f?
6
Let x(s) = 203*s**2 - 705*s - 3538. What is the units digit of x(-5)?
2
Suppose -11*u + 33 = 11. Let p(t) = 0*t**u + t**2 - 10*t + 33*t - 2*t**2 - 33. What is the tens digit of p(15)?
8
Suppose -28*p = 58330 + 103174. What is the hundreds digit of ((-30)/5)/(42/p)?
8
Suppose 37 = 4*k - 3. Suppose 4*s = -2*c + 514, k*c = 13*c - 3. What is the units digit of s?
8
Let m(l) = 2*l + 14. Let x be m(-6). Suppose 2 = 2*z - x, 4*z - 28 = -5*v. Suppose v*y - 83 - 29 = 0. What is the units digit of y?
8
Let y(n) = 21*n**3 + 500*n**2 - 40*n + 14. What is the units digit of y(-22)?
6
Suppose -45*i + 39*i + 24 = 0. Suppose -i*a = -6*a + 1708. What is the hundreds digit of a?
8
Let u = -331 - -345. Suppose -u*x + 5533 = -3*x. What is the hundreds digit of x?
5
Let t be ((-104)/(-18))/1 - (-30)/135. Let q(a) = 16 + 4 - 4*a + t. What is the tens digit of q(-9)?
6
Let b = -81 - -86. Suppose -b*d + 213 = -2*k - 324, 424 = 4*d - 3*k. What is the hundreds digit of d?
1
Let f(m) = -m**3 + 9*m**2 + 11*m - 6. Let c be f(10). Suppose c*g = 20, 2298 = 4*p - 20*g + 22*g. What is the tens digit of p?
7
Let s be ((-8)/16)/((-4)/(-336)). What is the units digit of (s/(-6))/(-7) + 691?
0
Let c(h) = -3*h + 25 - h - 5*h + h**2. Let w be c(5). Suppose -w*q = 2*o - 158 + 37, -52 = -2*q + o. What is the tens digit of q?
2
Let x(i) = -i + 12. Let r be x(11). Suppose 0 = 2*k - r - 7, -3*k = -3*h + 84. Let s = h - 17. What is the units digit of s?
5
Let h(g) = g**3 + 26*g**2 - 18*g - 21. Suppose -2*u - 72 = 4*w, -6 = 5*u - 5*w + 99. What is the tens digit of h(u)?
4
Let r = 4671 + -65. What is the tens digit of r?
0
Let j = 579 - 1258. Let q = 1381 + j. What is the tens digit of q?
0
Let p(v) = -19*v**3 + 34*v**2 - 12*v + 13. What is the hundreds digit of p(-8)?
0
Let d(v) = v**2 + 2*v + 7. Let n be d(-3). Suppose -14*c = -248 + n. Suppose -2*f + f = 3*t - c, 2*f - 42 = -2*t. What is the tens digit of f?
2
Let r = 202 + -91. Let o be 0 + 3 + r/(-8 - -5). Let q = o - -99. What is the units digit of q?
5
Suppose 0 = -52*i + 51*i + 4725. What is the tens digit of i?
2
Suppose v - p = -3*p - 40, 3*v + 4*p + 130 = 0. Let k = 56 + v. Suppose k = g - 18. What is the units digit of g?
4
Let s(g) be the second derivative of g**5/10 - g**4/12 - g**3/2 + g**2 - 11*g. Let a be s(2). Suppose a*m - 21 = m. What is the units digit of m?
3
Suppose -12*p + 437 + 104539 = 0. Suppose 15*q = 3447 + p. What is the units digit of q?
3
Suppose 2025481 - 296101 = 111*g. What is the tens digit of g?
8
Suppose -2*s = 3*v - 16760, -14*s + 12*s = 4. What is the hundreds digit of v?
5
Let c(g) = -2*g**2 - 19*g + 99. Let f be c(-24). Let p = 1714 + f. What is the tens digit of p?
1
Let w(u) be the first derivative of u**5/30 - u**4/4 - 5*u**3/3 - 9*u**2 + 4. Let x(p) be the second derivative of w(p). What is the units digit of x(-3)?
6
Let z be ((-20)/(-15) + -1)*21. Suppose -27*y = -z*y + 8580. What is the tens digit of (0 - (-1668)/26) + 66/y?
6
Suppose -28*r = -709359 - 520653. What is the units digit of r?
9
Let a = 47 + -194. Let z = -33 - a. What is the hundreds digit of z?
1
Let v(q) = -1859*q - 403. Let u(l) = -124*l - 27. Let z(x) = -91*u(x) + 6*v(x). What is the hundreds digit of z(3)?
4
Suppose 1 = 25*k - 399. Let r = 1125 - k. What is the thousands digit of r?
1
Suppose 0 = -q + 4*q - 12. Suppose 5*d = -q*m + 45, 10*d - 8*d + 5 = 3*m. Suppose d*z = 8*z - 576. What is the units digit of z?
2
Let t(c) = c + 6. Let y be t(-2). Let a(k) be the first derivative of 8*k**2 - 28. What is the tens digit of a(y)?
6
Let t = 364 + -361. Suppose t*b + 230 - 1858 = -4*f, -2*b + f = -1078. What is the hundreds digit of b?
5
Let o(h) = h**2 - 18*h + 93. Let u be o(8). What is the tens digit of u/(((-8)/(-78))/4)?
0
Let l = 24 + -48. Let i be ((-5)/(-10))/((-3)/l). What is the units digit of 3/(-6) - ((-470)/i + 1)?
6
Let t(i) = -3*i**2 + 9*i + 2. Let j be t(3). Suppose -2*r = j*r - 2*a - 554, r - 146 = -2*a. Suppose r + 84 = 4*l. What is the units digit of l?
6
Let a(t) = -2*t**2 + 12*t - 2. Let s be a(3). Let d be 4*1 - (15 - s). Let g(o) = -o**3 + 8*o**2 - 5*o + 2. What is the units digit of g(d)?
2
Let z be 1648/(-3) - 8/(-6). Let r = -28 - z. What is the hundreds digit of r?
5
Suppose 0 = -8*t - 8 + 32. Suppose -t*h = -628 - 836. What is the units digit of h?
8
Let o = 194378 - 124834. What is the units digit of o?
4
Suppose -2*c = 3*m - 13, -4*m - 4*c = -c - 18. Suppose 3*o = -m*r - 9, -2*o + 7*o - 4*r + 6 = 0. What is the units digit of 41 + 3 - (o - -6) - 1?
9
Let p = 1141 + -355. What is the tens digit of p?
8
Let q(m) = 2*m**3 + 8*m**2 + 9*m - 8. Let t be q(5). Suppose 0*u + 3*j = -2*u + t, -j + 1211 = 5*u. What is the units digit of u?
2
Suppose 5*d = l + 10, 3*l - 9 = -4*d - 1. Suppose l = -5*c - 3*h + 1121 + 1426, -2024 = -4*c + h. What is the tens digit of c?
0
Suppose -k - 3 = 2*y, -5*k + 0*k - 43 = -4*y. Let x be 2/(-4)*(-3 - k). What is the units digit of -3 - (-1 + -1) - -5 - x?
6
Suppose 11*c = -5*i + 33906, 5*i - 6*c = -9*c + 33938. What is the thousands digit of i?
6
What is the units digit of 53/(-848) + (-175057)/(-16)?
1
Let t = 706 + -362. Let m = 156 + t. What is the units digit of m?
0
Suppose -1 = z + 1. Let h be ((-11)/z)/((-1)/(-22)). Suppose 15*t + h = 16*t. What is the tens digit of t?
2
Let i(a) = -16320*a - 5443. What is the hundreds digit of i(-3)?
5
Suppose 7*n = 12377 + 18808. What is the units digit of n?
5
Let k = 140 - 103. Suppose -k*y + 10133 = -116. What is the units digit of y?
7
Let k(d) = -309*d + 71. What is the thousands digit of k(-28)?
8
Suppose q = 0, 4*p - 73 = -2*q - 17. Suppose 5*v = -3*g + p, g = v - 3*v + 6. What is the tens digit of (v + 29)*(-1)/(3/(-10))?
1
Let y = -920 + 2493. What is the units digit of y?
3
What is the tens digit of ((-34792)/(-24))/(26/234)?
4
Suppose 14*r + 24756 - 143968 = 38008. What is the hundreds digit of r?
2
Suppose 83538 = 3*j + 3*h, h = -2*j - 22295 + 77986. What is the tens digit of j?
4
Suppose 0 = -2*m + 31 - 51. Let p be -2 + (-108)/(-15) + 2/m. Suppose 0 = -5*g - t + 315, -p*t - 47 = -4*g + 234. What is the tens digit of g?
6
Let i(g) = -g**3 - 32*g**2 - 61*g - 63. Let k be i(-30). What is the units digit of (5 - 0)/(k/(-7887))?
5
Suppose -4*s - 4*x + 16 = -7*s, -5*s + 20 = 5*x. Suppose -3*j + 4520 = 2*n - s*n, 0 = 5*j + 5*n - 7525. What is the units digit of j?
0
Let v = -429 - -5413. What is the tens digit of v?
8
Let l be (-13)/(-4)*(-18816)/(-4). Suppose 16*n = -5*n + l. What is the tens digit of n?
2
Let s(p) = 6*p - 81. Let l be s(12). What is the tens digit of 856 - (-21)/(-6 - l)?
6
Let x(r) = r**2 + r - 6. Let z be x(2). Suppose -298*j + 296*j + 740 = z. What is the tens digit of j?
7
Suppose 23 = -4*t + 31. Suppose -t + 32 = 3*c. Suppose -c*s + 22 + 58 = 0. What is the units digit of s?
8
Suppose -5*f + 9*f = 0. Suppose -488 = -3*l - f*n + n, -l - 3*n = -146. Suppose b - l = d + d, 0 = 3*d + 15. What is the hundreds digit of b?
1
Let a = 25481 + -14895. What is the ten thousands digit of a?
1
Let s(d) = -7 + d**2 - 13*d + 8*d - 10. Let t be s(7). What is the tens digit of ((-365)/(-30))/(t/(-18))?
7
Let j(b) = 8*b**2 + 2*b + 30. Let i be j(-15). Suppose -33*z + 9*z = -i. What is the tens digit of z?
7
Suppose -1331680 = -140*b + 24*b. What is the tens digit of b?
8
Let q(l) = -6*l - 164. Let t be q(29). Let x = 316 - t. What is the units digit of x?
4
Suppose -13*i = -131 - 818. Let u be (-13)/52 - i/(-4). What is the units digit of 1*(1 - 2) + 3708/u?
5
Let a(x) = -x**3 - x**2 + 4*x + 5. Let j be a(-8). Let t = -89 + j. What is the tens digit of